e
Is 112875753581 prime?
True
Is 1009046513 a prime number?
False
Is 2296869839 prime?
False
Is 37559904449 composite?
False
Is 22167671 prime?
False
Is 492132517 a composite number?
True
Is 806182152019 composite?
False
Is 1122653555 composite?
True
Is 936531923 composite?
False
Is 25638037787 a prime number?
False
Is 4376091683 composite?
True
Is 275460941 composite?
True
Is 1858138379 a prime number?
False
Is 39198703 a prime number?
True
Is 457081469 a prime number?
False
Is 102290549 prime?
True
Is 12272622841 a composite number?
False
Is 71316225339 composite?
True
Is 387571793 a prime number?
False
Is 50159406103 composite?
False
Is 1733867761 composite?
True
Is 353485729 a prime number?
False
Is 402057203 a prime number?
True
Is 174701635 a composite number?
True
Is 98036567 composite?
True
Is 5030851051 composite?
False
Is 35350442371 composite?
True
Is 2946951671 a composite number?
False
Is 35559786347 a prime number?
True
Is 13218195037 prime?
False
Is 8582866277 a composite number?
True
Is 785645747 composite?
True
Is 11034449419 a composite number?
True
Is 1492347047 composite?
True
Is 3056823586 prime?
False
Is 27989986201 a composite number?
False
Is 70471 composite?
True
Is 17040233497 a composite number?
True
Is 18426434995 prime?
False
Is 5228921 a composite number?
False
Is 7369305049 prime?
False
Is 17972909083 composite?
False
Is 1298286061 a composite number?
True
Is 335849153 composite?
True
Is 29789583763 prime?
True
Is 15086778293 a prime number?
True
Is 119494919 a composite number?
True
Is 659650241 prime?
False
Is 19821939887 composite?
True
Is 129151783 a composite number?
False
Is 1137649921 a composite number?
True
Is 38998909073 composite?
True
Is 138609951 a prime number?
False
Is 21153981137 a prime number?
False
Is 2689027447 prime?
False
Is 849267509 prime?
True
Is 1352613767 a composite number?
True
Is 1267737127 prime?
True
Is 989037851 a prime number?
True
Is 2003576669 composite?
False
Is 2109730351 a prime number?
False
Is 105326563295 a prime number?
False
Is 2275862357 a prime number?
True
Is 50589955747 prime?
True
Is 44397080201 prime?
False
Is 154171761721 a composite number?
False
Is 21973394587 a composite number?
False
Is 55595513 a prime number?
False
Is 2891489 a composite number?
False
Is 1381074127 a prime number?
False
Is 14502776549 prime?
True
Is 11654478379 a composite number?
True
Is 10335981881 a prime number?
True
Is 15119449313 prime?
False
Is 160150982081 a prime number?
False
Is 133620962 a composite number?
True
Is 1241217781 prime?
True
Is 1542193031 a prime number?
True
Is 64717949557 prime?
False
Is 30472809989 a prime number?
True
Is 94869750737 composite?
False
Is 5075814889 a composite number?
False
Is 607915871 prime?
True
Is 1178853701 a composite number?
True
Is 619718627309 prime?
True
Is 8777337817 a composite number?
False
Is 10428794083 prime?
True
Is 11046620309 prime?
False
Is 28526023873 a prime number?
False
Is 15371456881 a prime number?
False
Is 231629093 composite?
True
Is 1241150941 composite?
False
Is 13617405589 a composite number?
False
Is 3321798499 prime?
True
Is 126091882711 composite?
False
Is 1689635153 composite?
False
Is 102983335193 a composite number?
False
Is 184251857 a composite number?
True
Is 399862507 a prime number?
False
Is 4546610191 a prime number?
True
Is 13613437483 composite?
True
Is 3826365343 composite?
False
Is 28543751039 a composite number?
False
Is 7895601751 a composite number?
False
Is 69607033 composite?
True
Is 918066493 composite?
False
Is 641859789 a composite number?
True
Is 11189754101 a prime number?
False
Is 2977893601 composite?
True
Is 1408569353 a composite number?
True
Is 6206911297 a composite number?
True
Is 36255677959 a prime number?
False
Is 50731483031 a prime number?
False
Is 37213496833 composite?
False
Is 24804561559 prime?
True
Is 820022317 a composite number?
True
Is 3352510387 composite?
True
Is 4393962907 a prime number?
False
Is 1084875697 a prime number?
True
Is 70800089201 prime?
False
Is 445013701 composite?
True
Is 450148747 composite?
False
Is 345986953295 composite?
True
Is 7884178501 a composite number?
True
Is 5032524481 composite?
False
Is 2381037149 composite?
False
Is 22669943161 a prime number?
True
Is 599288533 composite?
False
Is 412947551 a composite number?
True
Is 4277778605 prime?
False
Is 2350144669 prime?
False
Is 249433786747 a composite number?
True
Is 436606519 composite?
False
Is 38803557511 a prime number?
True
Is 22538763151 composite?
True
Is 37294477229 composite?
True
Is 740576297 a composite number?
False
Is 23606562097 prime?
False
Is 99295321 composite?
False
Is 13597280771 a prime number?
True
Is 680798399 a composite number?
True
Is 4439563771 prime?
False
Is 751622741 composite?
False
Is 34029281917 a prime number?
True
Is 375512663 prime?
True
Is 199088273 composite?
True
Is 1433965961 a prime number?
True
Is 253138399 composite?
True
Is 645210233 a composite number?
False
Is 17897591323 a prime number?
True
Is 656068733 composite?
True
Is 8836861433 a prime number?
True
Is 16249435477 prime?
False
Is 278868119 prime?
False
Is 254876599 a prime number?
True
Is 468543701 composite?
True
Is 20111066413 prime?
True
Is 579224783 a prime number?
True
Is 557427823 prime?
False
Is 92366635927 prime?
True
Is 4121787613 a composite number?
True
Is 1842915097 a composite number?
True
Is 43269580201 prime?
False
Is 8378077957 composite?
True
Is 155539811 composite?
True
Is 1298348267 composite?
True
Is 3929546689 a prime number?
True
Is 33782093747 a prime number?
True
Is 13636012469 prime?
True
Is 675195817 a prime number?
False
Is 1239632687 a prime number?
False
Is 15809464607 a composite number?
False
Is 7405098353 a prime number?
True
Is 2202163741 composite?
True
Is 2488926613 a composite number?
False
Is 86374899613 a composite number?
False
Is 149726081 a prime number?
True
Is 155328185453 a composite number?
True
Is 1600391411 a composite number?
False
Is 195335347 prime?
False
Is 439583839 a prime number?
True
Is 823070741 a composite number?
True
Is 830826439 a prime number?
True
Is 60884953 a composite number?
False
Is 22596196343 a prime number?
False
Is 798582061 a prime number?
True
Is 4126748321 composite?
False
Is 5424600473 prime?
True
Is 948621517 a prime number?
True
Is 872227193 composite?
False
Is 135187562483 a composite number?
False
Is 120635057 a composite number?
False
Is 1449948263 composite?
True
Is 3459048001 prime?
True
Is 1254254879 a prime number?
False
Is 681216881 a composite number?
True
Is 11530764821 a composite number?
True
Is 9962882717 a prime number?
True
Is 3425154638 a prime number?
False
Is 1028494319 prime?
False
Is 94214082643 a prime number?
False
Is 25363129247 a composite number?
False
Is 201904069 a prime number?
False
Is 7884196251 prime?
False
Is 1024662227 a prime number?
False
Is 360344839 a composite number?
True
Is 1265100017 composite?
False
Is 105591001 composite?
True
Is 1607267411 a composite number?
True
Is 3739241713 a composite number?
True
Is 566891977 a composite number?
False
Is 187019681 prime?
True
Is 1626982823 composite?
False
Is 34218638141 a prime number?
False
Is 963080661 a composite number?
True
Is 44859726521 a prime number?
True
Is 1354974853 a composite number?
True
Is 2265008173 a composite number?
True
Is 6864140755 a prime number?
False
Is 25788227 a prime number?
True
Is 288715139 composite?
True
Is 2373833597 a prime number?
True
Is 11737064431 composite?
False
Is 32523085219 composite?
False
Is 998165011 a prime number?
False
Is 120974543 a prime number?
False
Is 9416435999 composite?
True
Is 52698548093 a prime number?
True
Is 26271080801 a prime number?
False
Is 3507579293 composite?
False
Is 1309282091 prime?
False
Is 804129041 prime?
False
Is 1188573877 composite?
False
Is 599458229 a composite number?
False
Is 6952047923 composite?
False
Is 347777923153 a prime number?
True
Is 3083805497 prime?
True
Is 157493387 a prime number?
False
Is 18643262623 prime?
False
Is 54366596519 a prime number?
False
Is 24525607147 a composite number?
False
Is 38002159241 a prime number?
True
Is 12349659953 a composite number?
True
Is 32642171369 a prime number?
False
Is 83527481 a prime number?
True
Is